ase 4) to base 9.
-14
-1 (base 10) to base 3
-1
c (base 13) to base 9
13
Convert -200 (base 4) to base 3.
-1012
What is -301 (base 6) in base 14?
-7b
What is 5 (base 6) in base 7?
5
What is -3322 (base 4) in base 15?
-11a
-4 (base 7) to base 5
-4
What is -11111 (base 2) in base 11?
-29
What is -3 (base 14) in base 12?
-3
-44 (base 14) to base 12
-50
Convert -12 (base 3) to base 7.
-5
-7 (base 13) to base 12
-7
Convert -2 (base 14) to base 4.
-2
9 (base 10) to base 12
9
10 (base 5) to base 11
5
What is -2 (base 15) in base 14?
-2
Convert 1000100 (base 2) to base 11.
62
What is 9 (base 14) in base 15?
9
-a (base 14) to base 4
-22
What is -2 (base 3) in base 5?
-2
-252 (base 6) to base 13
-80
Convert 32 (base 5) to base 3.
122
Convert 1 (base 10) to base 7.
1
What is 110 (base 5) in base 8?
36
What is -5 (base 15) in base 3?
-12
What is -11 (base 8) in base 11?
-9
What is -11 (base 2) in base 11?
-3
What is -2 (base 16) in base 8?
-2
What is -53 (base 8) in base 4?
-223
-114 (base 5) to base 4
-202
Convert -2 (base 16) to base 3.
-2
What is 100 (base 2) in base 8?
4
Convert 10 (base 4) to base 13.
4
What is -33 (base 13) in base 11?
-39
Convert 12 (base 8) to base 4.
22
What is 125 (base 7) in base 8?
104
Convert 5 (base 11) to base 15.
5
What is -4 (base 15) in base 16?
-4
Convert -5 (base 7) to base 2.
-101
What is 0 (base 6) in base 4?
0
Convert 123 (base 6) to base 9.
56
Convert -5 (base 11) to base 5.
-10
1 (base 13) to base 4
1
What is -5 (base 16) in base 14?
-5
Convert 2 (base 16) to base 4.
2
-9 (base 10) to base 13
-9
Convert 5 (base 11) to base 15.
5
Convert -110 (base 2) to base 15.
-6
What is 102 (base 3) in base 9?
12
What is 1204 (base 5) in base 13?
10a
Convert 150 (base 12) to base 10.
204
What is -30 (base 5) in base 15?
-10
-13 (base 6) to base 16
-9
Convert -16 (base 16) to base 11.
-20
Convert -2 (base 11) to base 8.
-2
Convert 17 (base 8) to base 11.
14
What is 11 (base 2) in base 13?
3
3 (base 5) to base 16
3
What is -1010 (base 5) in base 11?
-109
What is 2102 (base 3) in base 2?
1000001
-11 (base 3) to base 16
-4
What is 11001101 (base 2) in base 9?
247
1222 (base 3) to base 15
38
10 (base 7) to base 15
7
What is 0 (base 6) in base 2?
0
What is 0 (base 7) in base 3?
0
What is 0 (base 7) in base 2?
0
Convert 2 (base 3) to base 15.
2
Convert -211 (base 5) to base 7.
-110
Convert -213 (base 4) to base 12.
-33
Convert -20 (base 16) to base 13.
-26
-24 (base 12) to base 10
-28
Convert 2 (base 16) to base 7.
2
-2 (base 15) to base 6
-2
-2 (base 9) to base 12
-2
-1f (base 16) to base 14
-23
-22 (base 6) to base 12
-12
1111 (base 3) to base 15
2a
What is 2312 (base 4) in base 11?
156
Convert 5 (base 15) to base 3.
12
1 (base 4) to base 9
1
3 (base 11) to base 3
10
Convert 1001 (base 4) to base 11.
5a
-1000100 (base 2) to base 9
-75
What is 5 (base 12) in base 16?
5
Convert 165 (base 9) to base 11.
118
What is 157 (base 8) in base 14?
7d
What is 2 (base 3) in base 13?
2
Convert 3 (base 5) to base 11.
3
3 (base 16) to base 6
3
Convert 15 (base 10) to base 3.
120
Convert -35 (base 11) to base 9.
-42
-2 (base 15) to base 6
-2
21 (base 14) to base 3
1002
Convert 138 (base 14) to base 11.
204
203 (base 5) to base 2
110101
What is 25 (base 16) in base 6?
101
What is 16 (base 12) in base 13?
15
0 (base 11) to base 13
0
Convert -5 (base 11) to base 14.
-5
2 (base 6) to base 14
2
What is b (base 15) in base 12?
b
What is 1 (base 13) in base 12?
1
What is -100 (base 2) in base 3?
-11
-9 (base 14) to base 6
-13
What is -1a (base 15) in base 4?
-121
Convert -aa (base 15) to base 6.
-424
What is 10 (base 7) in base 4?
13
What is 192 (base 11) in base 5?
1342
-142 (base 5) to base 15
-32
What is 1 (base 14) in base 13?
1
Convert 44 (base 13) to base 10.
56
Convert 62 (base 9) to base 6.
132
-5 (base 16) to base 9
-5
13 (base 15) to base 6
30
-225 (base 9) to base 3
-20212
Convert e (base 16) to base 4.
32
Convert -210 (base 7) to base 4.
-1221
Convert -3 (base 6) to base 9.
-3
-9 (base 15) to base 12
-9
What is 215 (base 10) in base 5?
1330
8 (base 10) to base 3
22
6 (base 13) to base 11
6
Convert 0 (base 10) to base 3.
0
-2b (base 12) to base 14
-27
Convert 211 (base 6) to base 8.
117
Convert -1 (base 13) to base 8.
-1
-2 (base 13) to base 2
-10
-5b (base 12) to base 11
-65
Convert 2 (base 8) to base 5.
2
-4 (base 9) to base 10
-4
What is 110 (base 2) in base 14?
6
11 (base 7) to base 10
8
-2323 (base 4) to base 16
-bb
What is 1010000 (base 2) in base 4?
1100
Convert 13 (base 10) to base 15.
d
What is 2 (base 13) in base 4?
2
Convert -d (base 14) to base 10.
-13
Convert 3 (base 13) to base 2.
11
What is -1a5 (base 11) in base 8?
-354
Convert -15 (base 6) to base 11.
-10
-10 (base 4) to base 9
-4
-83 (base 9) to base 8
-113
What is 6 (base 15) in base 10?
6
-10231 (base 4) to base 10
-301
Convert -12c (base 16) to base 12.
-210
What is 101 (base 4) in base 8?
21
What is -a (base 14) in base 11?
-a
Convert -2210 (base 4) to base 10.
-164
What is 432 (base 6) in base 3?
20002
What is 1 (base 11) in base 6?
1
Convert -57 (base 8) to base 16.
-2f
11b (base 16) to base 9
344
What is -10 (base 9) in base 16?
-9
-1 (base 9) to base 12
-1
Convert 11 (base 3) to base 12.
4
What is 200 (base 4) in base 15?
22
-1011000 (base 2) to base 7
-154
What is 2 (base 16) in base 10?
2
-104 (base 5) to base 16
-1d
35 (base 9) to base 11
2a
-12 (base 9) to base 13
-b
What is 12 (base 16) in base 4?
102
-14 (base 14) to base 10
-18
What is 3 (base 5) in base 3?
10
What is 1 (base 9) in base 4?
1
What is -10 (base 9) in base 7?
-12
What is 121 (base 7) in base 4?
1000
What is a (base 11) in base 12?
a
-d (base 14) to base 10
-13
Convert -41 (base 5) to base 2.
-10101
-6 (base 8) to base 11
-6
Convert 23 (base 5) to base 13.
10
12 (base 3) to base 2
101
What is -10 (base 6) in base 5?
-11
23 (base 11) to base 4
121
Convert -225 (base 6) to base 15.
-5e
1 (base 3) to base 15
1
-111212 (base 3) to base 12
-272
3 (base 11) to base 12
3
-5 (base 13) to base 5
-10
Convert 43 (base 6) to base 5.
102
What is 1 (base 2) in base 7?
1
What is 0 (base 3) in base 4?
0
Convert 9 (base 14) to base 15.
9
Convert 141 (base 6) to base 2.
111101
What is -5 (base 6) in base 4?
-11
Convert -1011100 (base 2) to base 8.
-134
What is 0 (base 12) in base 4?
0
-9 (base 10) to base 12
-9
Convert -2033 (base 5) to base 14.
-152
What is -3 (base 13) in base 2?
-11
Convert -2000 (base 3) to base 14.
-3c
-87 (base 14) to base 7
-230
Convert -76 (base 15) to base 11.
-a1
What is 8 (base 13) in base 4?
20
What is -11 (base 11) in base 4?
-30
-21 (base 16) to base 14
-25
What is -5 (base 10) in base 6?
-5
-5 (base 13) to base 11
-5
What is -4 (base 12) in base 7?
-4
1 (base 5) to base 6
1
Convert 6 (base 7) to base 9.
6
Convert 1100 (base 2) to base 11.
11
-5 (base 14) to base 16
-5
Convert 10 (base 7) to base 15.
7
What is 18 (base 15) in base 3?
212
1210 (base 3) to base 5
143
Convert -2 (base 15) to base 5.
-2
Convert -7 (base 11) to base 2.
-111
-7 (base 14) to base 9
-7
What is -13 (base 7) in base 2?
-1010
Convert 77 (base 9) to base 6.
154
What is 102 (base 4) in base 3?
200
What is 11 (base 12) in base 16?
d
Convert -1111001 (base 2) to base 12.
-a1
What is 1f (base 16) in base 10?
31
Convert -92 (base 13) to base 16.
-77
6 (base 10) to base 4
12
16 (base 12) to base 13
15
-10 (base 3) to base 4
-3
-100001000 (base 2) to base 5
-2024
What is 26 (base 15) in base 8?
44
Convert -b1 (base 12) to base 4.
-2011
-8 (base 15) to base 8
-10
Convert 34 (base 10) to base 14.
26
Convert -1004 (base 5) to base 6.
-333
Convert -10 (base 5) to base 10.
-5
What is -125 (base 6) in base 10?
-53
Convert 2 (base 13) to base 8.
2
What is 6 (base 13) in base 16?
6
-35 (base 12) to base 9
-45
Convert -2 (base 15) to base 13.
-2
10 (base 8) to base 12
8
0 (base 15) to base 10
0
What is -44 (base 6) in base 8?
-34
What is -2022 (base 3) in base 15?
-42
4 (base 11) to base 15
4
Convert -4 (base 10) to base 15.
-4
What is -23 (base 12) in base 14?
-1d
-100 (base 2) to base 13
-4
-1200 (base 3) to base 13
-36
Convert -1d (base 16) to base 14.
-21
Convert 5c (base 13) to base 6.
205
Convert -5 (base 10) to base 3.
-12
What is 13 (base 6) in base 15?
9
Convert 100000110 (base 2) to base 12.
19a
What is -101 (base 4)